 21) + 0 - (-43 + 13 + -4)?
21
Evaluate (26 - (47 - 57 - (1 + -11))) + 5.
31
Evaluate 9 - -44 - 35 - (30 - 2).
-10
Evaluate (54 - (-52 + 135)) + -15.
-44
-408 - -443 - (2 + 15 + -8)
26
What is 13 - -2 - (-81 + 82 + -35)?
49
What is (-30 - 7) + -31 - -56?
-12
Evaluate -45 - (14 + (-1 - -1) + (29 - 39) + 3).
-52
What is -50 + 7 + -78 + 90?
-31
What is -88 + 101 + -45 + -2?
-34
What is the value of (-1 + -13 - 2) + (1093 - 949) + (-10 - 2)?
116
What is (17 + 27 - 29) + (-23 - -45)?
37
-75 + (-7 - -12) + (-97 - -98)
-69
What is (1398 - 1385 - (3 + -4 - -5)) + 85?
94
16 - (0 - 5) - (414 + -392)
-1
What is -8 + (2 + 12 - (22 + -11 - 14))?
9
What is (27 - (24 + 113)) + 95?
-15
What is the value of 12 - 48 - (-134 + 118)?
-20
(-98 + 61 - -6) + -46
-77
Calculate -936 + 821 + 7 + 52.
-56
Calculate (242 - (40 - -36)) + -70.
96
What is the value of (-18 - 0 - -32) + (14 - -4)?
32
What is the value of -53 + 83 + (-4 - (26 - -4))?
-4
5 + 145 + -2276 + 2124
-2
What is (2 - -40) + 35 + 10 + -56?
31
6 + -2 - 40 - (-8 + 0)
-28
Calculate -37 + -34 + 111 + 82.
122
-2 + (-169 + 180 - (3 + 110 + (-2 - -3)))
-105
Calculate (13 - (-18 + 26) - -15) + 21.
41
What is the value of 12 - ((-36 + 56 - -51) + -1 + 11)?
-69
Calculate (156 - 194) + -2 + 171 - (2 + -2 + 1).
130
93 + (60 - -5 - 69)
89
Calculate 37 - 59 - -12 - -52.
42
-80 + (50 - 18) + (-1 - (1 - 0))
-50
Calculate (10 + (18 - 13) - 13) + -37.
-35
Evaluate 29 + -10 - (-25 + 68) - -4.
-20
Evaluate (11 + 13 - -14 - (-2 - -10)) + -1.
29
(-84 - -63) + -14 + 23 + -12
-24
Calculate -71 + (11 - (8 - (1 + 0))).
-67
What is the value of 65 + -5 - (58 - (12 - -32))?
46
-25 - (7 + (-21 - (-22 - -13)) + -3)
-17
What is 17 + (18 - (73 - 27)) - (23 + 2)?
-36
What is the value of -4 - (-2 - 2 - (199 - 173)) - (4 + 1)?
21
Evaluate (28 - 39) + (-2 - (-1 + -6) - -2) + -44.
-48
58 - 33 - -2 - (-2 + (-8 - (1 + -3)))
35
1 - (-13 - (3 + -9) - -4) - (1 + 72)
-69
Evaluate (-8 - -14) + 7 + -18 + 2 + 16.
13
Calculate 68 + (-12 - ((85 - 101) + (-3 - -21))).
54
Evaluate -8 - (-13 - (19 + -7 - 7 - 42)).
-32
Evaluate -8404 + 8397 + (-1 - (0 - 6 - (7 - 10))).
-5
What is 61 + 38 + -98 - 63?
-62
Calculate 0 - -23 - (28 + -75 + 35).
35
What is the value of 120 + 1 - (-206 + (512 - 286))?
101
-12 + (6 - (-15 - 12)) - 0
21
Evaluate (171 - 158 - (2 - 12 - -2)) + 1 + 5.
27
-120 + (11 - 0) + (81 - 177) + 69
-136
What is the value of (340 - 340) + (-6 - 0) + 37?
31
Evaluate (4 - -59) + (-37 + 79 + -23 - 15).
67
What is the value of -93 + (20 - -14) + -60 + 26?
-93
What is the value of -328 + 442 + 2 + -92?
24
-6 + -1 + (-31 - (-1 + -31)) + 7 + -1
0
What is the value of -80 + 81 - (16 - (4 - -6) - (30 + 0))?
25
What is the value of -6 + -2 + (13 - (21 + 2 + -11)) - -6?
-1
What is the value of 73 - (-41 + (-75 - -194))?
-5
Evaluate (-8 + (14 - 11) - -21) + 5.
21
Calculate 12 - 3 - -12 - (0 - -30).
-9
0 - ((31 - 17 - 4) + -6)
-4
What is the value of -5928 + 5792 + (121 - 0)?
-15
2 - 95 - (93 - (69 - -39))
-78
12 + (50 - (-13 + 63))
12
What is the value of -2 + (-27 - 1 - -18)?
-12
What is -6 + 5 + (6 - 45)?
-40
-18 + 27 + -13 + (-38 + 31 - (1 - 84))
72
Calculate -70 + 29 + (-226 - -175).
-92
(5 - 6 - 12) + (-26 - (-55 + 12))
4
(1 - (-35 + 10 + 13)) + (-32 - 0)
-19
Evaluate (1 + 24 - (110 - (-47 - -150))) + -130.
-112
Evaluate 57 + -2 + -214 - -104.
-55
What is (68 + -26 - 108) + 9?
-57
What is -20 + 63 + (-7 - 8 - -6) + 13?
47
Evaluate (11 - -27) + -29 + (4 - 0 - 5).
8
What is (6 - (32 - 12) - -85) + -25 + 21?
67
What is the value of 10 + 3 + -3 + (66 - (0 - -95))?
-19
Calculate 3 + -1 + 41 + (110 - 58 - 64).
31
Evaluate -1 + 17 - ((17 - (-9 - -4)) + -112 + 164).
-58
What is 68 - ((1 - 5) + (15 - 4) - (-59 + 53))?
55
What is 78 + 16 + (6 - 72)?
28
What is (2 + -20 - (243 - 246)) + (-3 - (0 + 2))?
-20
3 - (2 + 23) - (-320 + 357)
-59
-9 - (-47 - (-56 - -96))
78
What is -10 - (-9 - (-10 - -8))?
-3
-55 + 3 + 1 + -12 + -8 + 12 + 16
-43
What is the value of 24 - (13 - 3) - (128 - (-26 + 50)) - -8?
-82
23 + (-73 - (-34 - -11))
-27
7 + 34 - (-71 - -110)
2
101 - (147 + 98 + -203)
59
What is 34 + -67 + 1 + 27?
-5
What is the value of -19 + (32 - -14) + -14 + (-8 - (23 + -5))?
-13
Evaluate (931 - 909) + 11 + (-87 - 2).
-56
Evaluate (129 - 111) + -30 + -7 + -2 + 2.
-19
What is the value of (-24 - (76 - 95)) + 91?
86
Calculate -11 - (50 + -3 - ((38 - 12) + -44)).
-76
39 - ((-5 - -11) + (-6 - (9 + (-5 - -8))))
51
What is the value of (33 - 8) + -20 - (-3 + -56 + 6 + -2)?
60
-4 + -50 + (2 + (-14 - -19) - (-1 + 3))
-49
Calculate -35 + 10 + -13 + -232 + 199.
-71
-32 - (7 - 4) - (-534 - -395)
104
-232 + 222 + -21 + -1 - 12
-44
156 + (34 - 131) + -12
47
What is the value of (-45 - 26 - -21) + 5 + 11?
-34
Calculate (-94 - -101) + -3 + -2 + 4 + -12 + 5.
-1
What is the value of -15 - (-27 + 65 + -44 - (-52 - 1))?
-62
What is -80 - ((99 - 87) + -75)?
-17
What is the value of -58 - (15 + -87) - (-1 - (1 + 13))?
29
What is (-11 - 94 - 134) + 145?
-94
-7 + (-1 - ((16 - (11 - 0)) + 11))
-24
What is 45 - -5 - (-23 + (-4 - -8) + -18 + 34)?
53
Evaluate (13 - -3 - (-215 + 156)) + -7 + -16.
52
Calculate -88 + 4 + 27 - -3.
-54
Calculate 24 + -3 + (-23 - (-4 + -39) - 35).
6
What is -10513 + 10484 - ((1 - 7) + -1)?
-22
Calculate -5 - ((3 - (7 - (4 + -6))) + -37 + 23).
15
13 + (51 + -44 - 24) - (-2 + 0 + -87)
85
-5 + (-2 - (39 + -2 + 2 + -7))
-39
Calculate -11 + 28 + (0 - -1) + -129 + 122.
11
What is the value of 1931 + -1952 + (2 - 14)?
-33
Calculate -2 - -15 - (-57 - 76 - -72).
74
What is 1407 + -1366 + -1 + -10?
30
What is 3 - 110 - (167 - (31 - -163))?
-80
What is the value of 21 + 1 + -22 + -13 + (0 - 5 - -9)?
-9
What is the value of 97 + (-53 - 32) + (14 - -1) + 1?
28
What is 10 + (4 - -2) + -17 - 7 - -16?
8
Calculate (29 - (-44 + 81) - 38) + (-14 - -1).
-59
What is 59 - (87 + 14 + 17)?
-59
Evaluate 9 + -2739 + 2738 + (-6 - -2 - (1 - -1)).
2
(-3 + -4 - -2) + (-1 + 4 - (158 + -158))
-2
371 - 363 - (3 + -20 + -1)
26
What is the value of -3 + -87 - (10 + -12 + 6 + (-8 - 3))?
-83
Calculate (-40 - -36 - (-1 + -16 - -8)) + -1 + -72.
-68
1 + 54 - (2604 - 2585) - -28
64
Calculate 56 - (-55 + -6) - 47.
70
What is 53 + 1 + 0 + (448 - 480 - (-38 + -1))?
61
Evaluate 4 - 3 - 12 - (-19 + 32 - (5 - -2)).
-17
What is 25 + (25 + -68 - (77 - 37))?
-58
Calculate -12 - (26 + -12) - 3 - -6.
-23
Evaluate (9 - (12 + -1 + 4)) + 12 - 66.
-60
Calculate (0 + 5 - -7) + -24 - -15 - (4 + -4).
3
What is the value of 5357 + -5515 - (-21 + 0)?
-137
What is -98 - ((51 - 112) + 0)?
-37
Calculate 36 + (-37 + 11 + (-22 - -29) - (-14 + 1)).
30
Evaluate (-4 - 6) + 760 + -691.
59
What is -64 - -1 - (-61 + 52 + -15)?
-39
(-1 - 1) + -22 - (-26 - -12 - (-1 - 4))
-15
What is the value of (-173 - -284) + (72 - 85)?
98
What is the value of (2 - -2 - (39 + -45)) + (9 + -4 - -6)?
21
What is the value of (2 - (22 + 15 + -29)) + 22 + 1?
17
What is (-18 + 9 - -7) + (-11 - (9 - -8))?
-30
What is the value of (21 - -4) + (332 - 338)?
19
Evaluate (-12 - -31) + 18 + (-17 - -19).
39
2694 + -2695 + ((-4 - -2) + 20 - 3) + 0
14
Evaluate -11 + (-23 + 118 + -40 + 18 - (5 - -1)).
56
-84 + -81 + 125 - (8 + -2 - 0)
-46
Calculate (39 + -24 + 20 - 21) + 1.
15
What is the value of (60 - 0) + (-7 - 0 - (-19 - (-81 - -62)))?
53
-14 - (-9 + -30 + -9 + 12)
22
What is -14 - (-66 + (-16 + 0 - (104 - 118)) + 3)?
51
What is 39 + -22 + 15 + -8?
24
Evaluate (2372 - 2268) + -1 + -147.
-44
(6 + 0 - -8) + (5 - (8 + 31))
-20
What is 32 - 63 - -39 - (-1 - -3 - (-55 - 5))?
-54
Calculate 32 - (-3 - (5 - -2 - (23 - 10))).
29
What is the value of 19 + -20 + -64 + 42?
-23
Evaluate (-62 - -32) + 72 - 9.
33
Evaluate (85 - (-44 - (-52 - 35))) + (-13 - (-2 + 2)).
29
Calculate -7 - -105 - 110 - (0 - (-20 + 3)).
-29
What is -8 - ((0 + -7 - (-15 - -3)) + 3)?
-16
Calculate (58 - 54) + (-2 - -2) - (-1 + 13 + -10).
2
What is the value of (2 - -40) + -9 - (-8 + -1)?
42
Calculate 433 - 438 - (0 + -44).
39
-364 + 368 + -1 + -4 + 145
144
Evaluate 1 + 26 - (168 - 135) - (-1 + -24).
19
Evaluate -6 - 1 - (2 - (7 - 6) - -21).
-29
46 - (9 - 21 - -26)
32
Evaluate (-10 + 31 - 30 - -13) + (12 - -1).
17
Evaluate -77 + 90 - (29 - 26 - ((3 - 0) + -36)).
-23
What is the value of 0 - 16 - (200 + -214) - (4 + 1)?
-7
-70 - (-125 + -44 + 23)
76
(4 + -10 - 13) + (13 + -19 - 1) + 19
-7
Evaluate -